6a (base 13) to base 11.
5166
What is -10100101110000 (base 2) in base 5?
-314413
-2141 (base 6) to base 10
-493
What is -c4 (base 16) in base 12?
-144
13333 (base 4) to base 12
367
-5383 (base 10) to base 5
-133013
What is -376 (base 13) in base 16?
-25c
Convert -220322 (base 5) to base 15.
-23ac
Convert 155446 (base 9) to base 13.
34833
Convert 70b (base 12) to base 2.
1111111011
1010100010010 (base 2) to base 3
21101210
Convert -7ba9 (base 12) to base 11.
-a414
16c (base 16) to base 5
2424
What is -57186 (base 10) in base 11?
-39a68
What is 54 (base 12) in base 9?
71
What is -841 (base 13) in base 6?
-10301
201212002 (base 3) to base 15
444e
-653 (base 14) to base 15
-584
Convert 1826 (base 12) to base 16.
b5e
What is -13696 (base 10) in base 9?
-20707
77a6 (base 11) to base 4
2200220
Convert -2200112 (base 3) to base 16.
-7a6
What is b692 (base 13) in base 15?
776a
What is -1187 (base 13) in base 14?
-c8d
Convert 11111101 (base 2) to base 5.
2003
What is -716 (base 13) in base 16?
-4b2
Convert -18696 (base 13) to base 2.
-1011100010101010
2919 (base 10) to base 7
11340
486 (base 11) to base 14
2d4
-117 (base 13) to base 12
-139
What is -13001 (base 4) in base 9?
-548
22610 (base 7) to base 8
13235
Convert -410122 (base 5) to base 4.
-3031222
-9567 (base 12) to base 15
-4ca1
What is -6315 (base 7) in base 15?
-9cc
2445 (base 8) to base 15
5cc
4969 (base 14) to base 8
31041
51872 (base 10) to base 11
35a77
What is 727 (base 9) in base 6?
2424
What is -1320 (base 7) in base 10?
-504
322 (base 9) to base 15
128
Convert 1100011100000 (base 2) to base 16.
18e0
-1454015 (base 6) to base 12
-4130b
-81f (base 16) to base 5
-31304
-146 (base 15) to base 12
-203
-44a (base 15) to base 3
-1022221
-233230 (base 4) to base 11
-2325
What is 5388 (base 11) in base 5?
211424
What is 1000201 (base 3) in base 16?
2ec
What is -10330133 (base 4) in base 11?
-14244
1213 (base 8) to base 9
803
What is 4a69 (base 11) in base 2?
1100111010001
Convert 1224 (base 10) to base 5.
14344
22753 (base 8) to base 12
574b
Convert -483 (base 9) to base 14.
-207
What is 3c25 (base 13) in base 4?
2013022
Convert 10000011111001 (base 2) to base 10.
8441
Convert a12 (base 13) to base 4.
122221
What is 143434 (base 6) in base 13?
6367
What is -2342 (base 6) in base 14?
-2c6
-111110100001 (base 2) to base 10
-4001
230315 (base 6) to base 15
5bde
What is 4eab (base 15) in base 10?
16811
-164046 (base 7) to base 4
-13331223
What is 2003233 (base 5) in base 13?
1156c
2775 (base 9) to base 11
1633
-51022 (base 6) to base 16
-1a36
-123414 (base 5) to base 4
-1023323
What is 1365 (base 12) in base 2?
100010111101
What is 3123 (base 7) in base 13?
663
-423423 (base 5) to base 12
-82a6
Convert 65 (base 8) to base 2.
110101
-1860 (base 13) to base 5
-104002
What is 103322 (base 4) in base 6?
5522
What is 342133 (base 5) in base 16?
2f88
What is 994 (base 10) in base 12?
6aa
-6440 (base 10) to base 16
-1928
What is 3463 (base 9) in base 14?
d16
What is 1222220222 (base 3) in base 16?
998f
What is -817 (base 11) in base 8?
-1732
211213 (base 4) to base 9
3264
5502 (base 6) to base 7
3452
Convert 4c1 (base 13) to base 8.
1501
What is -410 (base 9) in base 16?
-14d
What is 10101011 (base 2) in base 16?
ab
What is 1042c (base 13) in base 9?
44137
-20921 (base 10) to base 6
-240505
Convert 110112221 (base 3) to base 14.
3499
Convert 16867 (base 10) to base 3.
212010201
Convert 785 (base 10) to base 3.
1002002
Convert 1114 (base 8) to base 2.
1001001100
What is -26 (base 15) in base 11?
-33
Convert 176b7 (base 14) to base 5.
3341321
Convert 31417 (base 8) to base 11.
9903
Convert -2b17 (base 13) to base 9.
-8540
-1102 (base 4) to base 8
-122
Convert 674 (base 8) to base 12.
310
77475 (base 8) to base 13
11a98
Convert 2556 (base 7) to base 13.
59a
201522 (base 7) to base 5
2043333
What is 455 (base 8) in base 14?
177
Convert -43322 (base 8) to base 3.
-220212111
What is 19736 (base 12) in base 10?
37338
124423 (base 5) to base 9
6752
-212102222 (base 3) to base 16
-42c2
Convert 678 (base 9) to base 4.
20231
What is -45165 (base 10) in base 15?
-d5b0
What is -8a7 (base 15) in base 8?
-3645
-4421 (base 6) to base 12
-711
Convert 42042 (base 7) to base 16.
2850
-241 (base 9) to base 7
-403
2134 (base 9) to base 14
802
-2336 (base 9) to base 7
-5025
Convert -1000010010011 (base 2) to base 5.
-113433
What is -342 (base 6) in base 11?
-112
21014 (base 5) to base 4
111220
What is -11400 (base 5) in base 14?
-44a
9533 (base 10) to base 8
22475
11266 (base 7) to base 11
2198
1003 (base 14) to base 12
170b
Convert 103220233 (base 4) to base 2.
10011101000101111
-34421 (base 6) to base 13
-2308
What is -1bc (base 15) in base 13?
-24c
What is -2404 (base 6) in base 8?
-1104
What is -4314 (base 5) in base 10?
-584
-1488 (base 15) to base 13
-2009
What is 1891 (base 10) in base 11?
146a
What is -48576 (base 10) in base 8?
-136700
What is 2b2 (base 12) in base 6?
1542
-423411 (base 6) to base 13
-12916
What is -30223 (base 4) in base 15?
-391
-5100 (base 8) to base 4
-221000
What is -21 (base 7) in base 14?
-11
4745 (base 14) to base 2
11000001111001
-59234 (base 10) to base 6
-1134122
What is 111020 (base 4) in base 5?
20402
Convert -1a51 (base 14) to base 6.
-34035
Convert 224 (base 14) to base 6.
1544
What is 64524 (base 9) in base 5?
2331314
Convert -1ea4 (base 16) to base 11.
-5991
What is -62 (base 12) in base 4?
-1022
1201010 (base 3) to base 2
10011011101
-1033121 (base 5) to base 12
-a447
What is -330011 (base 5) in base 15?
-3506
Convert 343162 (base 7) to base 3.
10002212201
What is -519 (base 12) in base 4?
-23211
6420 (base 7) to base 16
8dc
What is -8cb (base 13) in base 2?
-10111101111
Convert -2b14 (base 14) to base 11.
-5836
13011 (base 4) to base 10
453
What is 1633a (base 16) in base 2?
10110001100111010
What is -233 (base 9) in base 4?
-3000
What is -a53 (base 13) in base 15?
-7c3
Convert 103220 (base 5) to base 12.
2088
Convert -66e (base 15) to base 13.
-87b
Convert 4902a (base 11) to base 2.
10001001110101111
Convert -31302 (base 4) to base 3.
-1012200
-215 (base 13) to base 14
-1b6
What is b4a (base 14) in base 15?
9d2
Convert -4e (base 16) to base 15.
-53
Convert -103b (base 12) to base 16.
-6ef
-124 (base 7) to base 6
-151
What is 473 (base 11) in base 15?
279
Convert -1203 (base 4) to base 11.
-90
What is -336 (base 13) in base 3?
-202110
-2e55 (base 15) to base 6
-114112
Convert -51121 (base 9) to base 10.
-33634
What is -100011010001110 (base 2) in base 5?
-1034222
What is 763 (base 16) in base 8?
3543
Convert 21000 (base 3) to base 10.
189
10417 (base 8) to base 6
32115
What is 22259 (base 12) in base 16?
b0e5
What is -7106 (base 12) in base 4?
-2333112
1001100100 (base 2) to base 8
1144
What is 127a0 (base 14) in base 4?
23011220
What is -330 (base 8) in base 9?
-260
Convert 194 (base 12) to base 15.
121
-17 (base 12) to base 16
-13
Convert -10100000100111 (base 2) to base 13.
-48a9
What is -112505 (base 6) in base 8?
-22731
-462 (base 11) to base 14
-2b6
What is -113534 (base 7) in base 11?
-14453
Convert -103010 (base 4) to base 2.
-10011000100
Convert 111111000 (base 2) to base 6.
2200
Convert -130 (base 9) to base 8.
-154
Convert -214143 (base 6) to base 15.
-5400
What is 1201 (base 4) in base 7?
166
Convert 8654 (base 9) to base 5.
200432
What is 1450 (base 6) in base 7?
1065
Convert -18b83 (base 12) to base 6.
-435443
-118 (base 11) to base 7
-260
Convert -26996 (base 13) to base 9.
-118622
666 (base 10) to base 12
476
Convert -3560 (base 16) to base 2.
-11010101100000
What is 1312 (base 7) in base 9?
614
What is -133044 (base 6) in base 9?
-17831
What is -17775 (base 9) in base 12?
-714b
Convert -3001 (base 6) to base 4.
-22021
What is 8686 (base 10) in base 15?
2891
15831 (base 11) to base 15
6918
6625 (base 11) to base 4
2020203
Convert 222433 (base 5) to base 4.
1322330
Convert 100232 (base 4) to base 8.
2056
What is 122011 (base 3) in base 8?
717
-4302 (base 5) to base 15
-287
Convert -577 (base 11) to base 6.
-3105
Convert a7a4 (base 12) to base 7.
104452
Convert 30300 (base 4) to base 7.
2244
-1023 (base 4) to base 9
-83
Convert -147e (base 16) to base 2.
-1010001111110
-2031 (base 6) to base 5
-3301
Convert a2a (base 13) to base 8.
3276
Convert -3aba (base 14) to